f q(f)?
5
Let y = 0 - -2. Let s(u) = 0*u**y - 5 - 2 - 6*u + u**2. What is the units digit of s(8)?
9
Suppose 1 + 1 = -n. Let i(h) = -h**3 - 12*h**2 - 2*h - 11. Let y be i(-12). What is the tens digit of (2 - (0 - n)) + y?
1
Let l(b) = -b + 7. Let r be l(4). Suppose -44 = -5*m - r*s, -2*s = 4*m - s - 31. What is the units digit of m?
7
What is the units digit of (98/8)/((-20)/(-80))?
9
Let i(x) = x**3 + 3*x**2 - 3*x. Let v be i(-3). Let q be (-6)/v + 34/(-3). Let m = q + 20. What is the units digit of m?
8
Suppose 0 = v - 4*g + 2, 4*g - 6 - 6 = 0. What is the tens digit of 95/v - (-1)/2?
1
Suppose 4*q - 118 = -t + 47, -q = -2*t - 48. What is the tens digit of q?
4
Let r(j) = -3*j**3 + j + 11. What is the hundreds digit of r(-5)?
3
Let x be 10 + 3/3 + -3. What is the units digit of (-16)/4*(-14)/x?
7
Suppose d - 2*c - 87 = 181, 3*d - 805 = 5*c. What is the units digit of d?
0
Let t(i) = i**2 + i. What is the units digit of t(5)?
0
Suppose 0 = -3*g + 7 + 32. Let b = -10 + g. What is the units digit of b?
3
Let b be 10/(-55) + (-196)/11. Let c = -13 - b. What is the units digit of c?
5
Let f(m) = -m**3 - 3*m**2 + 7*m - 14. What is the units digit of f(-5)?
1
Suppose -9*i + 16*i = 1260. What is the tens digit of i?
8
Suppose -4*o - 4*f + 72 = 0, -2*o + 16 + 20 = -5*f. Let c be (-2)/(-9) + 86/o. Suppose -u = 4*b - c, -2*b = -u + 6*u - 7. What is the units digit of b?
1
Let j = -3 + 7. Suppose -j*y = -30 - 2. What is the units digit of y?
8
Let g(c) = c**2 - c + 1. Let x(h) = 7*h**2 - 6*h + 1. Let t(k) = -6*g(k) + x(k). What is the tens digit of t(-4)?
1
Let v be ((0/(-3))/3)/2. Let u be v/2 + (1 - 7). What is the tens digit of (126/35)/(u/(-20))?
1
Suppose -3*a - 1 = 2*h + 5, 5*h - 2*a - 4 = 0. Let n = -4 - -9. Suppose h = -2*y + n + 13. What is the units digit of y?
9
Suppose 0 = 3*w - 6*w - 3*i + 711, -229 = -w - 3*i. What is the units digit of w?
1
What is the hundreds digit of 4/1 + -3 + 122?
1
Suppose 1 + 0 = -o. Let k be 1 - (-2 - (0 + o)). Suppose -p + 1 = -5*n - 11, -k*n + 33 = 5*p. What is the units digit of p?
7
Let z(x) be the first derivative of 2*x**2 + x + 2. What is the units digit of z(3)?
3
What is the tens digit of (-1)/(-2) + 968/16?
6
Suppose -20 = 2*a + 28. Let s = a - -70. What is the units digit of s?
6
Let s(w) = -w**3 - 5*w**2 + w + 6. Let g be s(-6). Let k = 63 - g. What is the tens digit of k?
2
Let l be ((-1)/3)/(4/(-12)). What is the tens digit of l/((-604)/152 + 4)?
3
Let k(r) = r + 14. Let w be k(-8). Suppose -w*u + 8*u - 38 = 0. What is the tens digit of u?
1
Let y(j) = j**2 + 6*j + 4. Let w be 1*-5 + -6 + 4. What is the tens digit of y(w)?
1
Let f = 59 + 15. What is the units digit of f?
4
Let w(p) = p**2 + 9*p - 10. Let c be w(-8). Let m = -4 - c. Let s = -8 + m. What is the units digit of s?
6
Suppose -4*z + 2*f = -18, -3*f = -5*z + 3 + 22. Let a(w) = 3*w**3 - 3*w**2 + w + 2. What is the units digit of a(z)?
6
Let t(o) = o**2 + 15. Suppose 0*l - 2 = 2*g - 2*l, -2*g + 4 = 4*l. Let s be t(g). Let r = 22 - s. What is the units digit of r?
7
Let y(s) = -s**3 + 8*s**2 - 2*s - 7. What is the units digit of y(7)?
8
Suppose b + 3*b = 24. Suppose 0 = 5*t + 4*a - 22, b*a - 2*a - 18 = -3*t. What is the units digit of t?
2
Let o be (-42)/(-8) + (-8)/32. Suppose 4*b = o*t + 130, t - 56 - 92 = -5*b. What is the tens digit of b?
3
Let u = 3 - 1. Let a(l) = 3*l + 1. What is the units digit of a(u)?
7
Let s(l) = l**2 + l. Let p(v) = -9*v**2 - 3*v. Let d(u) = -p(u) - 4*s(u). What is the units digit of d(1)?
4
Suppose 0 = 4*g - 7 - 5. What is the units digit of g?
3
Let o = 2 - 0. Let p be o/(-7) - (-108)/(-14). Let z = 15 + p. What is the units digit of z?
7
Let o(q) = -5*q**2 - 1 + q**3 - q + 8 - 1. Suppose 4*a + 5*t = 44 - 4, -3*a = -2*t - 7. What is the units digit of o(a)?
1
Let f(p) = -p + 5. Let z be f(7). Let l be ((-1)/z)/(2/4). Let h(w) = -w + 2. What is the units digit of h(l)?
1
Suppose 84 + 72 = 4*f. What is the units digit of f?
9
Let b(c) = 4*c**2 + 3*c**2 + c**2 - c**2 - c**3 + 9*c + 8. Let n be b(8). Suppose i + 3 = 0, -4*y - 4*i = -5*y + n. What is the units digit of y?
4
Let f(h) = -5*h**2 + 12. Let b(m) = 11*m**2 - 25. Let d(i) = 4*b(i) + 9*f(i). What is the units digit of d(0)?
8
Suppose -2*o - 45 = 3*o. Let t be ((-3)/(o/12))/2. Suppose 2*g - 10 = 2*p, -g - 3*p - 3 = t*g. What is the units digit of g?
2
Suppose -3*t = 2*t - 75. Suppose -2*b = -3*r - 16, -4*r - 4*b = b + 52. Let f = r + t. What is the units digit of f?
7
Suppose 0 = -3*m + 24 + 45. Let v = m + -12. What is the tens digit of v?
1
Let o be 1/1 + -2 + -2. What is the units digit of 3*(-1)/o + 8?
9
Let m = 7 + 0. What is the units digit of m?
7
Suppose -4*h - 35 = h. Let z(j) = j**2 + 6*j - 1. Let l be z(h). What is the units digit of (12/10)/(l/40)?
8
Let p(t) = 3*t**2 - 4*t + 7. What is the tens digit of p(5)?
6
Let x = 3 - 2. What is the units digit of x*(-3)/(6/(-26))?
3
Let k(w) = -w**2 - 11*w + 2. Suppose -5*x = 22 + 18. What is the units digit of k(x)?
6
Suppose 2*u - 6 = 4*u. Let n be (2 + (-2 - 1))*u. Suppose h - o = 2, 0*h - o = n*h - 22. What is the units digit of h?
6
Suppose 5*o + 18 = 3, 0 = 2*z + o - 41. What is the tens digit of z?
2
Suppose 10 = 4*x - 10. Let k(f) = -f**2 - 12*f + 3. Let w be k(-12). Suppose -12 = 4*a, -w*a + 19 + 2 = x*j. What is the units digit of j?
6
Let t(w) be the first derivative of -1/2*w**2 + 11*w - 2. What is the units digit of t(7)?
4
Let q be (-2 - 0) + 43 + -1. What is the units digit of (-86)/(-10) + 16/q?
9
Let l(s) = -7*s + 11. What is the units digit of l(-6)?
3
Let z = 4 - 6. Let t be 2*3*(-3)/(-2). What is the units digit of t*z*1/(-2)?
9
Suppose 0 = -0*r - 2*r + 10. Suppose 176 + 4 = r*k. What is the units digit of k?
6
Let i(x) = 2*x. Let h be i(1). Let y(o) = 10*o - h + o + 1. What is the units digit of y(1)?
0
Let u = -4 + 9. Let r = -11 + 25. Suppose -r - 26 = -u*z. What is the units digit of z?
8
Let f(a) = a**3 - 8*a**2 - 9*a + 6. Let t be f(9). Let q(g) = g + 4. What is the tens digit of q(t)?
1
Suppose 4*b - 1 = 5*b. Let y(q) = q + 3*q - 2*q**3 - 3*q. What is the units digit of y(b)?
1
Let s(c) = -c**3 - 6*c**2 - c - 4. Let q be s(-6). Suppose 0 = -5*y - 7*k + q*k - 45, 5*y - 3*k = -5. What is the tens digit of 279/21 + y/14?
1
Suppose 0 = 3*r - c + 14 + 5, -2*r = -c + 13. Let a be 3*(-4)/r - -2. What is the units digit of (-5)/(-20) - (-35)/a?
9
Let i be 13/(-1)*(-2 + 7). Let p = -24 - i. What is the tens digit of p?
4
Let b = 26 + -24. What is the units digit of b?
2
Suppose -2*z + 24 = z. Let l(b) = -7*b + 3*b**2 - 6 + 0*b**2 - 2*b**2. What is the units digit of l(z)?
2
Let r = -3 - -18. Let h(u) = u**3 - 15*u**2 + 21. What is the units digit of h(r)?
1
Let h be 88/(-32)*(-18 - 2). Suppose h = 4*z - 3*z. What is the tens digit of z?
5
Let q = 9 + 44. Let m = 14 + -10. Suppose -x = -4*a + 4*x + q, -m*a + 2*x = -38. What is the units digit of a?
7
Suppose 2*k - 180 = 30. What is the units digit of k?
5
Let u = 33 - -16. What is the tens digit of u?
4
Let z(w) = -w**2 + w - 7. Let j be z(0). Let p(k) = k**2 + k - 3*k - 6 + 4*k + 3*k. What is the units digit of p(j)?
8
Let s(v) = v**3 - 6*v**2 + 32*v - 15. What is the tens digit of s(8)?
6
Suppose 0 = -4*i - 0*i + 112. What is the tens digit of 6/(-4)*i/(-3)?
1
Let c(s) = 14*s**2 - 54*s - 71. Let d(r) = 5*r**2 - 18*r - 24. Let h(q) = 6*c(q) - 17*d(q). What is the units digit of h(-15)?
7
Suppose 6*w = 356 + 394. What is the tens digit of w?
2
Let f(g) = g**3. Let w(h) = 6*h**3 + h**2 - 4*h - 7. Let r(j) = 5*f(j) - w(j). What is the tens digit of r(-3)?
1
Let f(q) = q**2 + 11*q + 9. Let d be f(-12). Let c = 11 + d. What is the units digit of c?
2
Suppose 32 = h + 4*c, 0*c - 86 = -4*h - 2*c. Suppose -4*j = j - h. Suppose 4*f = 6*s - 2*s - 4, -f + j*s = 16. What is the units digit of f?
4
Suppose 6*c = 337 + 149. What is the units digit of c?
1
Let h(p) be the first derivative of p**3/3 - 15*p**2/2 + 3*p + 1. What is the units digit of h(15)?
3
Suppose -8*r + 403 = -269. What is the units digit of r?
4
Let t(c) = 8*c**2 + 9*c - 21. What is the units digit of t(4)?
3
Let q(o) = o + 13. Let a be q(-8). Suppose 0 = 4*k - 0*k - 2*l - 58, -5*l = -a*k + 60. What is the units digit of k?
7
Suppose -33 - 12 = 5*r. Let l = r - -15. Suppose n - 2*y